 x = -11 + 15. Suppose 4*b + 5*z = 3*z + 6, 5*b - 3 = -x*z. What are the prime factors of b?
3
Let m be (-1)/(((-3)/(-15))/(-1)). Let z(x) = x**3 - 5*x**2 - x - 5. Let c be z(m). Let u = c - -22. What are the prime factors of u?
2, 3
Suppose -537 = 9*u - 2814. What are the prime factors of u?
11, 23
Let c(b) = -13*b - 9. Let d be c(-7). What are the prime factors of d/8 + (-1)/4?
2, 5
Suppose 4*c = 2*l + l + 103, 5*c = -4*l + 152. Suppose -m + 4*m = -h + c, 0 = -4*m - 3*h + 44. What are the prime factors of m?
2
Let u = 2 + 15. What are the prime factors of u?
17
Let b = -89 - -136. What are the prime factors of b?
47
Let w(h) = h + 6. Let y be w(-3). Suppose 0 = 3*f + 3*a - 3 - 15, f = y*a + 22. What are the prime factors of f?
2, 5
Suppose -9 = -3*d - 3. Suppose 0 = 5*l + d*y - 52, -3*l = 2*y + 2*y - 20. What are the prime factors of l?
2, 3
Let o(h) = -15*h + 1. Suppose -11 = j - 2*k, -5*j = -0*j + 3*k + 42. Let q = j - -8. List the prime factors of o(q).
2
Let f = 75 - 26. What are the prime factors of f?
7
What are the prime factors of (3 - 2/(-2)) + 29?
3, 11
Let c be ((-57)/(-9))/(1/(-3)). Let u = -38 - c. Let a = -13 - u. List the prime factors of a.
2, 3
Let g(s) be the third derivative of s**5/60 - s**4/4 - 2*s**2. List the prime factors of g(7).
7
Let v(z) = -z**2 - 6*z - 3. Let n be v(-5). Let d be -2 + 4 - n - -21. Suppose 3*j - 6 = 4*h, 4*h - 3*h - d = -3*j. What are the prime factors of j?
2, 3
Let j be 1/(1*(-2)/(-22)). Suppose 3*r - 2*o + 7 = -6, 3*r + j = 4*o. Let k(v) = -v**2 - 4*v + 7. List the prime factors of k(r).
2
Suppose 5*f = 4*f - 10. Let w be f/4 - (-3)/6. What are the prime factors of 21/(-12)*2*w?
7
List the prime factors of (-69)/(-7) - 9/(-63).
2, 5
Let i = -4 - -7. Let n be ((-1)/1 - -1) + i. What are the prime factors of (-70)/(-6) - n/(-9)?
2, 3
Let w(u) = 9*u**2 + 13*u + 66. What are the prime factors of w(-7)?
2, 13
Suppose -2*v - 5 = -19. Suppose -9*s + 78 = -v*s. What are the prime factors of s?
3, 13
Suppose 5*v = 174 - 44. What are the prime factors of v?
2, 13
Suppose -109 = -2*j - 5*w, w = -4*j + 3*w + 182. What are the prime factors of j?
47
Let g(d) = -3*d - 2. Suppose 18 + 12 = 5*j. Let b(i) = -i**2 + 6*i - 2. Let x be b(j). What are the prime factors of g(x)?
2
Let u be -2 - (-4 + 2 + 0). Suppose 2*m = -2*p + 8, u*p + 14 = 2*p - m. Suppose d - p*v - 23 = -v, -3*d + 4*v + 36 = 0. List the prime factors of d.
2
Let t(p) = 5*p - 3. Let r(d) = -d**3 + 10*d**2 + 3. Let j be r(10). List the prime factors of t(j).
2, 3
Let h(s) = s**2 - 2*s + 9. What are the prime factors of h(12)?
3, 43
Let b(n) = 11*n + 24. What are the prime factors of b(6)?
2, 3, 5
Let w(r) = -r**3 - r**2 - 2. Let u be w(-2). List the prime factors of (0 + 1)*4/u.
2
Let h(c) = -2*c**3 - c**2 + 2*c - 1. Let a be h(-2). Let g = -47 - -56. Suppose -4*d = -2*b - a*d + 12, g = 5*b - 3*d. List the prime factors of b.
3
Let p = -6 + 31. Suppose -6*q = -q - p. Let x = 6 + q. List the prime factors of x.
11
Suppose -5*o + 80 = 4*j, -4*o - 6*j = -j - 64. List the prime factors of o.
2
Suppose 4 = 2*o - 6. Suppose 54 + 31 = o*j. What are the prime factors of j?
17
Let k(v) = -33*v - 4. List the prime factors of k(-9).
293
Let c(q) = 16*q**3 + 4*q**2 - 3*q. List the prime factors of c(2).
2, 3, 23
Let z be 28/6*(-6)/(-4). Let m = 16 - z. List the prime factors of m.
3
Let x be 24/6 - (-1 - -1). Suppose -3*u = f - 51, -x*f + 36 = 3*u - 132. List the prime factors of f.
3, 13
Let s(h) = -h**3 - 2*h**2 + h + 3. Let i(r) = 2*r + 1. Let k be i(-6). Let y = k - -8. What are the prime factors of s(y)?
3
Suppose 0 = 5*z + 25, -d = 2*d + 3*z + 15. Suppose 5*v - 6*v + 4 = d. Suppose -40 = -2*k - 4*r, -v*r + 10 = -5*k + 68. List the prime factors of k.
2, 7
Let q(a) = a**3 + 9*a**2 - 12*a - 7. Let t be q(-10). Let g = 9 - t. Let r = g - -14. List the prime factors of r.
2, 5
Let a(w) = -4*w + 9. Let m be a(-7). Let k = m + -16. What are the prime factors of k/(((-9)/6)/(-1))?
2, 7
Let y be 3*-1*(-24)/9. List the prime factors of (-4)/y*(-30 + 0).
3, 5
Let a(j) = 4*j**2 + j**3 - 7*j - 4 - j**2 + 2*j**2. What are the prime factors of a(-6)?
2
Suppose 6*x + 783 = 10*x - b, 573 = 3*x + 4*b. What are the prime factors of x?
3, 5, 13
Let u(x) = -3*x**2 - 3 - 6 + 4*x + 4*x**2. What are the prime factors of u(-9)?
2, 3
What are the prime factors of (-2 - 6/(-4))*-274?
137
Let y(n) = n**3 - 5*n**2 + 5*n - 3. Let f be y(4). Suppose 0 = -3*w - 5*d + 16, 4*w + 4*d + 5 = 21. List the prime factors of w + f + 7 - 3.
7
Let s(f) = -f. Let v be s(4). Let n = -33 - -22. What are the prime factors of n/(-2) + v/8?
5
Let f = -2 + 4. Let r(a) = 2*a - 4*a - 3*a - a**f + 5 - 4*a. List the prime factors of r(-9).
5
Let l(o) = -o**2 - 11*o + 31. List the prime factors of l(-10).
41
Let r(c) = -c**2 + 10*c + 2. Let i be r(10). Suppose 3*l = s + 6, -2*l - i*l + 4*s + 8 = 0. What are the prime factors of l?
2
Let z(g) = -g**2 + 2*g**2 + g**2 - g + g**3 - 2. Let l be z(-3). Let a = -4 - l. List the prime factors of a.
2
Let q(i) = -i**2 - 14*i - 3. Let g(o) = -2*o - 5*o**2 + 3 + 2*o**2 + 2*o**2 - 2*o**2. Let m be g(2). What are the prime factors of q(m)?
2, 5
Suppose 4*x = -4*j + 1080, 3*j - 2 - 1 = 0. What are the prime factors of x?
269
Suppose -t = -n + 35, -5*n + 184 = -t + 5*t. What are the prime factors of n?
2, 3
Suppose 0 = -3*y - y + m - 65, 5*y - 2*m + 85 = 0. What are the prime factors of -1 + 3 - y*1?
17
Let q = -59 + 91. Suppose 2*u - q = 4*h, -3*h - 14 = -u - 0*h. Let b = u + -12. List the prime factors of b.
2
Suppose 0*v = -5*v + 15. Suppose v + 1 = 2*p. Suppose 5*z - 45 = -p*k, 0*k + k - 30 = -4*z. What are the prime factors of k?
2, 5
Let n = -286 + 408. List the prime factors of n.
2, 61
Let w(l) = -l**3 + 6*l**2 - 6*l + 5. What are the prime factors of w(4)?
13
Let t(n) = -n**3 - 7*n**2 - 6*n + 7. Suppose q - 2*q = 6. Let o be t(q). Suppose -15 = 2*s - o*s. List the prime factors of s.
3
Let v(n) = -n**2 + 8*n + 12. Let r be v(9). Suppose -u + r*u = 6. What are the prime factors of u?
3
Suppose 1 = -2*d + b, b + 3*b - 26 = -3*d. Suppose -d*v - 3*v = -80. List the prime factors of v.
2
Let d(y) = -2*y**3 + 4*y**2 + 4*y + 2. Suppose -6 = 3*t, 4*k + 2 = -3*t + 6*t. List the prime factors of d(k).
2, 13
List the prime factors of (-138)/(-4) + 11/22.
5, 7
Suppose 3*s = -4*v - 95, -2*v - 2*v = 2*s + 90. Suppose r - 6*r + 140 = -2*y, 4*r + 5*y = 145. Let u = r + v. What are the prime factors of u?
2, 5
Let n(u) = -u - 5 + 0 + 2 + 4. What are the prime factors of n(-8)?
3
Let g be 12/42 + 33/7. Suppose 0 = 5*z - 2*s - 76, 0 = -z - g*s + 18 + 8. List the prime factors of z.
2
Let s = -4 - -3. Let l(x) = 3*x**2 - 1. Let k be l(s). Suppose -2*z = -2 - k. List the prime factors of z.
2
Let s(z) = -3*z**3 + 3*z**2 + 2*z + 1. List the prime factors of s(-2).
3, 11
Let h be 10/(-35) + 138/(-7). Let t = -12 - h. List the prime factors of t.
2
Suppose -21*w = -23*w + 306. List the prime factors of w.
3, 17
Suppose 5*l = 0, 0 = 2*n + 2*n + 3*l - 212. List the prime factors of n.
53
Let f(k) = 2*k**2 - k - 2. Let i be f(3). Let h = -8 + i. Suppose 4*b = h*s + 43, 5*b - 3*s = -5 + 49. List the prime factors of b.
7
Let r(s) = -5*s - 3. What are the prime factors of r(-6)?
3
Let f(o) = o**3 - 3*o**2 - 11*o. Suppose -3*p + 3*j = -0*p - 24, -3*p + 16 = j. What are the prime factors of f(p)?
2, 3, 7
Let j = -5 - -13. Let m = 10 + j. List the prime factors of m.
2, 3
Suppose 2*w - 4*t - 15 = 5*w, 0 = -w - 2*t - 7. List the prime factors of w*6*2/(-2).
2, 3
Let h(w) be the second derivative of w**3/6 + 6*w**2 - w. What are the prime factors of h(-9)?
3
Suppose 0 = 2*r - 3*y - 24, 3*y = -5*r + 85 - 4. What are the prime factors of r?
3, 5
Suppose 3*r = -4*u + 184, 4*u + 0*u - 4*r - 212 = 0. List the prime factors of u.
7
Let b = 101 - 92. What are the prime factors of b?
3
Suppose 3*b + 5*q - 15 = 34, 4*b - 4*q - 76 = 0. Let z = b - 12. Let l = z - 4. List the prime factors of l.
2
Let f(g) = -g**2 - 5*g - 2. Let u be f(-3). Suppose -6*y = -u*y - 20. What are the prime factors of y?
2, 5
Suppose 2*z = -0*z - 10. Let k = z - -8. What are the prime factors of k?
3
Let a = -26 - -85. List the prime factors of a.
59
Suppose -3*u + s + 7 = -39, 3*s - 27 = -2*u. What are the prime factors of